. Is i prime?
True
Suppose -2*g + 64 = 2*o + 8, 4*g = 4*o + 120. Let z = 500 - g. Is z a composite number?
True
Suppose 4*j = 3*c - 46167, -2*c + 32312 = 2*j + 1534. Is c a composite number?
True
Let p(n) = -n**3 - 5*n**2 + 191. Is p(0) a prime number?
True
Let a(w) = 1165*w**2 + 3*w - 9. Let p = -66 - -68. Is a(p) a prime number?
True
Let l be (1026/21)/(1/(-14)*-2). Let t = l - 25. Is t a composite number?
False
Suppose g + 2*p - 26487 = 0, -7*g + 5*g + 4*p + 52942 = 0. Is g a prime number?
True
Let t(h) = -5 - 17*h**3 + 21 + 5*h**2 + 7 + 3*h + 2*h**3. Let b(s) = -7*s**3 + 2*s**2 + s + 11. Let g(j) = 13*b(j) - 6*t(j). Is g(-5) a composite number?
True
Is 3053 - ((-258)/(-63) + (-16)/168) composite?
False
Let g(p) = p**3 - 10*p**2 + 13*p - 11. Let t(s) = 2*s - 2. Let c be t(6). Is g(c) prime?
False
Suppose 3*f - 4*q = 20349, 5*f - 35679 = -6*q - 1802. Is f a prime number?
True
Let h be (0 + 6)/(24/16). Suppose 0 = h*p - 297 - 31. Is p a prime number?
False
Let j(g) = 526*g**2 + 14*g - 7. Is j(3) composite?
True
Let k(u) = 0*u + 2 + 1 - 16*u**3 + 2 + 5*u. Is k(-4) prime?
True
Let g = 686 + -1299. Let m = g - -1134. Is m prime?
True
Let c = 13 + -22. Let d(z) = -z**3 - 5*z**2 + 8*z - 1. Is d(c) composite?
False
Is (1 + -52148)/(-10 - -9) composite?
False
Is 993*5 - (4 + -10) composite?
True
Let s be (-189)/(-14)*2/3. Let o(t) be the second derivative of t**4/12 + t**3 - 2*t**2 + 9*t. Is o(s) prime?
True
Suppose -3*z + g + 9 = 0, -z + 5*g + 17 = -0. Suppose 0 = -z*d - f + 981, -d - f + 159 + 329 = 0. Is d a prime number?
False
Let b(n) = 5581*n - 544. Is b(7) composite?
True
Let t(z) = 6*z**3 - 4*z**2 - 7*z + 5. Let m be t(4). Suppose 4*r - c + 121 = -512, c = 1. Let q = m + r. Is q composite?
False
Let q(l) = -l**2 - 19*l - 4. Let a be q(-8). Suppose -7*m + 3*m + a = 0. Is 645/m - 4/(-14) a prime number?
True
Let i(f) = 3*f**3 + 2*f + 1. Let c be i(-3). Let s = c - -180. Let m = -57 + s. Is m a composite number?
False
Suppose -5*u + 650 = 5*f, -3*u + 0*u + 136 = f. Let w = f - 42. Is w a composite number?
True
Is -5 - 0/2 - -1142 a prime number?
False
Let b(c) = 11*c - 15. Let i(o) = -o**2. Let p(s) = b(s) - 3*i(s). Let w(t) = -9*t**2 - 32*t + 44. Let g(a) = -11*p(a) - 4*w(a). Is g(16) composite?
True
Let p(m) = 8547*m - 34. Is p(1) a prime number?
True
Let m(u) = -2*u**3 + 20*u**2 - 10*u - 39. Is m(-19) a prime number?
True
Let j(z) be the first derivative of 37*z**3/3 - 3*z**2/2 + 2*z + 7. Let i be j(-6). Suppose -n + 5*m = -326, -4*n = m - 5*m - i. Is n composite?
True
Let q(c) = c**3 - 14*c**2 + 20*c + 6. Let t be q(14). Suppose -5*m + 123 = 8. Let r = t - m. Is r a composite number?
False
Is -4*8/((-224)/8323) a composite number?
True
Let t = -4 + 4. Suppose t = -a - 2 + 10. Let y(u) = 32*u + 1. Is y(a) a prime number?
True
Suppose u = -3*u + d + 14, -2*u + 16 = -5*d. Suppose 13 + 92 = -u*r. Let p = r + 92. Is p a composite number?
True
Is (1 + 10225)/(12/(-30)*-5) a composite number?
False
Let o be (0 - 0) + 2 + (-28)/(-7). Is 1538*(-2 + 15/o) composite?
False
Is -2*(-2 - (-7704)/(-16)) prime?
True
Let f(i) = 355*i**2 + 14*i - 1. Is f(-4) prime?
True
Suppose 0 = -7*q + 3 + 18. Suppose 0*w + 5*w = q*a - 1708, -564 = -a - w. Is a composite?
True
Let c(u) = 66*u - 7. Let n(d) = d. Let v(j) = c(j) - 2*n(j). Let x(l) = -129*l + 13. Let g(b) = -7*v(b) - 4*x(b). Is g(2) composite?
True
Let l = 116332 - 54495. Is l a prime number?
True
Let w = 33 - 21. Let s = -99 + 101. Is (8/w)/(s/993) composite?
False
Suppose 213*c = 209*c + 48. Is 994*(5 - 54/c) a prime number?
False
Let o(j) be the third derivative of j**5/60 + j**4/2 + 5*j**3/6 + 3*j**2. Is o(-16) prime?
False
Let q = -47421 + 82766. Is q a composite number?
True
Is 8*(-6)/(-360) - (-868539)/45 prime?
True
Let a = 77 - 135. Is (-2)/(((-30)/45)/(a/(-3))) prime?
False
Let d be 12*(-3)/(-24)*2. Suppose 784 = -5*a - 5*u + 4714, -3*u = -2*a + 1597. Suppose d*g = 8*g + 3*s - a, 4*g - 2*s - 624 = 0. Is g composite?
False
Let c = 37 + -17. Let h = c - 16. Is (2824/16)/(2/h) prime?
True
Let j be ((-1)/(-3))/((-8)/(-72)). Let c = j + -1. Let s = c + 83. Is s composite?
True
Suppose 4*m - 3 - 13 = 3*k, 2*k - 3*m + 12 = 0. Suppose -8*b + 10*b + 6 = k. Is 47*((-2 - -6) + b) a composite number?
False
Suppose 3*x = 5*b + 3752, -4*x - 5*b = -6*x + 2503. Is x composite?
False
Let j = 23 - 12. Suppose -a + j = -5. Is 2*356/a*2 a prime number?
True
Let f(w) = 80*w**2 + 13*w + 52. Is f(-21) prime?
True
Let a(r) = 8 + 7*r**2 - r**3 - 7*r + 2*r + 2*r + 4*r**2. Let b be a(6). Suppose u - 68 = -4*t + 39, -3*t = -2*u + b. Is u composite?
True
Let o(z) = 4 + 58*z - 260*z - 263*z - 3. Is o(-8) a composite number?
True
Let f = 21486 - 12599. Is f prime?
True
Let a(c) = c**2 + c + 1. Let j(f) = 15*f**2 + f + 19. Let x(q) = -6*a(q) + j(q). Is x(7) a composite number?
False
Let x be 6/8 + (-1518)/(-24). Suppose 60*o - x*o + 5012 = 0. Is o a composite number?
True
Let d(j) = 14*j + 21. Let p be d(9). Is (-3740)/(-6) - -7*(-7)/p a composite number?
True
Suppose -5*a = -12 - 13. Suppose 2*x - 5*g + 310 = 0, -x = 4*x - a*g + 790. Let h = 467 + x. Is h composite?
False
Let k be (-5)/26*-7768 + (-10)/(-65). Suppose -3*i = 6*i - k. Is i a composite number?
True
Let h be 952 - 0 - (4 + -1). Let q = h - 576. Is q composite?
False
Let h(d) = -126*d**3 + 5*d**2 + 4*d + 4. Let t be h(-3). Let a = -2236 + t. Is a composite?
True
Suppose 13*v + 195 = f + 9*v, -2*v + 410 = 2*f. Is f a composite number?
True
Suppose 0 = -3*j + 9105 + 3762. Suppose 5*x - 1986 = j. Is x prime?
False
Let b = 42 - 36. Suppose 11*y = b*y + 2690. Is y prime?
False
Suppose -7*s - 14668 + 66713 = 0. Is s prime?
False
Is ((-2)/((-12)/(-4971)))/(10/(-20)) a prime number?
True
Let c be (-902 + (-2 - -6))/(-2). Let t be 688/5 + (-6)/(-15). Suppose -c = -s + t. Is s prime?
True
Suppose 2*i + 2*i + 3*x - 172 = 0, -i = -4*x - 24. Let b = 38 - i. Is ((-1)/b)/(4/632) a prime number?
True
Suppose -5*z + 6113 = 2*r + 7, -5*r + 3675 = 3*z. Suppose a - z = -3*a. Is a a prime number?
False
Let u(d) = 79*d - 17. Let c(r) = 238*r - 51. Let l(g) = 2*c(g) - 7*u(g). Is l(-6) a composite number?
False
Suppose -6*b - 20 = 4*b. Is (2*b/2)/(6/(-363)) composite?
True
Suppose 13*g - 4325 = 8402. Is g a composite number?
True
Let y(t) = -t**3 + 32*t**2 - 25*t - 73. Is y(30) composite?
False
Let j(r) = -r**3 - 5*r**2 - 6*r. Let c be j(-3). Is (-9)/6*-570 + (c - 2) a prime number?
True
Let k(r) = 2*r - 24. Let p be k(15). Is (482 - -2) + -3 + p a composite number?
False
Let n be (-6)/(-4) - 3/(-6). Suppose 3*w - 5 = -v, -4*v - 3*w + 12 = w. Suppose 1028 = n*b + 2*b + v*m, 5*m = -b + 257. Is b a prime number?
True
Is (5 - 4)/((-2)/(-2234)) prime?
True
Let q(j) = 31*j + 11. Is q(8) composite?
True
Suppose 10*i + 655 = -545. Is ((-591)/4)/(45/i) prime?
False
Let g(w) = 84*w**2 + 5*w + 3. Is g(-10) a composite number?
False
Let x = 31 - 15. Let y = x + -16. Suppose -q + y*g = -2*g - 35, 0 = -3*g + 3. Is q prime?
True
Let r(k) = 6*k**3 + 11*k**2 + 33*k - 15. Is r(7) a prime number?
False
Let b(n) = 2*n**2 - n - 8. Suppose 0 = -0*a + a - 7. Suppose -4 = -v + a. Is b(v) prime?
True
Is (1/(-2)*197)/(52/(-7384)) prime?
False
Let z(h) = -9*h**3 + h**2 - 4*h - 3. Is z(-7) a composite number?
True
Suppose -3*k = -0*k + 147. Let m = k - -84. Is m a prime number?
False
Let p(c) be the second derivative of 2*c**3 - 9*c**2/2 - 5*c. Let r be p(6). Let a = -26 + r. Is a a composite number?
False
Let f = -25 - -45. Suppose 18*y - f*y + 974 = 0. Is y a prime number?
True
Let j be ((-240)/72)/((-4)/852). Let d = -75 + 468. Let o = j - d. Is o prime?
True
Suppose 0 = -3*d + 3, -7*t + 5*t = 4*d - 582. Is t prime?
False
Let w(t) = 380*t**2 - 2*t - 23. Is w(8) a composite number?
False
Suppose -51756 = -31*d + 763141. Is d a composite number?
True
Suppose 3*i = -3*w + 7*i + 4951, 4*w + 4*i = 6648. Is w composite?
False
Let z(b) be the third derivative of 83/12*b**5 + 1/12*b**4 + 0 + 1/6*b**3 + 0*b - 7*b**2. Is z(-2) prime?
True
Suppose 4*s - 8 = -0*s. Suppose -4 = r - s*r. Suppose -r*u + 614 = -446. Is u composite?
True
Let c(o) be the third derivative of -o**6/120 - 7*o**5/60 + o**4/3 + 5*o**3/6 - 4*o**2. Suppose 2*a + 15 = 3*g, 2*a - 2*g = 4*a + 20. Is c(a) composite?
True
Is 8/(-2)*(-93)/124 - -8618 a pri